ors of 284922909?
3, 89, 227, 1567
List the prime factors of 2317877386.
2, 11, 263, 400601
What are the prime factors of 34703291?
7, 19, 31, 443
List the prime factors of 87110603.
87110603
List the prime factors of 50825174.
2, 109, 233143
List the prime factors of 52802085.
3, 5, 7, 17, 29581
What are the prime factors of 2829380372?
2, 7, 13, 571, 13613
What are the prime factors of 88127877?
3, 5399, 5441
List the prime factors of 1254581932.
2, 19, 43, 397, 967
List the prime factors of 236752150.
2, 5, 4735043
List the prime factors of 7451862941.
79, 94327379
List the prime factors of 3777109092.
2, 3, 41, 89, 28753
List the prime factors of 116425908.
2, 3, 23, 140611
List the prime factors of 8417727.
3, 935303
What are the prime factors of 14403886?
2, 7, 251, 4099
List the prime factors of 354512813.
53, 1091, 6131
List the prime factors of 883353892.
2, 5309, 41597
List the prime factors of 1126779596.
2, 281694899
What are the prime factors of 196702808?
2, 23, 97, 103, 107
List the prime factors of 471022120.
2, 5, 1487, 7919
What are the prime factors of 179676656?
2, 11229791
List the prime factors of 1359776446.
2, 7, 8693, 11173
List the prime factors of 60804175.
5, 31, 67, 1171
What are the prime factors of 67769153?
67769153
List the prime factors of 5264153505.
3, 5, 13, 8998553
List the prime factors of 113917516.
2, 41, 694619
What are the prime factors of 25025838?
2, 3, 37, 139, 811
What are the prime factors of 249137285?
5, 3079, 16183
What are the prime factors of 1111035361?
1111035361
What are the prime factors of 69651598?
2, 34825799
List the prime factors of 1255502470.
2, 5, 313, 401119
List the prime factors of 18873136.
2, 1179571
List the prime factors of 18790144.
2, 29, 2531
List the prime factors of 2512560005.
5, 502512001
What are the prime factors of 6312805573?
6312805573
List the prime factors of 814842778.
2, 19, 2963, 7237
What are the prime factors of 2026404636?
2, 3, 9283, 18191
What are the prime factors of 33454698?
2, 3, 5575783
List the prime factors of 6229631.
97, 64223
What are the prime factors of 1719614?
2, 13, 19, 59
What are the prime factors of 402625583?
402625583
List the prime factors of 36291600.
2, 3, 5, 17, 593
What are the prime factors of 70475910?
2, 3, 5, 23, 102139
What are the prime factors of 6679451?
6679451
List the prime factors of 3225393.
3, 17, 7027
List the prime factors of 691934848.
2, 11, 503, 977
What are the prime factors of 266049747?
3, 89, 332147
What are the prime factors of 1028196029?
7, 2087, 70381
What are the prime factors of 35865806?
2, 19, 943837
What are the prime factors of 7007465901?
3, 2335821967
What are the prime factors of 416005832?
2, 11, 4727339
List the prime factors of 18462654.
2, 3, 7, 67
List the prime factors of 21679693.
7, 41, 75539
What are the prime factors of 176838821?
176838821
What are the prime factors of 10166350?
2, 5, 127, 1601
What are the prime factors of 76802205?
3, 5, 73, 70139
What are the prime factors of 624991698?
2, 3, 34721761
What are the prime factors of 269176804?
2, 13, 5176477
List the prime factors of 3598802061.
3, 1199600687
What are the prime factors of 109685207?
17, 6452071
What are the prime factors of 3830374792?
2, 47, 167, 61001
What are the prime factors of 12327493?
131, 139, 677
What are the prime factors of 75360491?
113, 251, 2657
What are the prime factors of 3928024?
2, 491003
List the prime factors of 1925508390.
2, 3, 5, 13, 4937201
What are the prime factors of 200273408?
2, 391159
List the prime factors of 5405085115.
5, 1081017023
List the prime factors of 307589788.
2, 11, 6990677
List the prime factors of 58971626.
2, 7, 617, 6827
What are the prime factors of 393615720?
2, 3, 5, 364459
What are the prime factors of 45351239?
23, 443, 4451
What are the prime factors of 2751085435?
5, 7, 17, 29, 159437
What are the prime factors of 1195840799?
9011, 132709
What are the prime factors of 5110004615?
5, 2963, 344921
List the prime factors of 121610034.
2, 3, 7, 13, 5711
What are the prime factors of 180955629?
3, 313, 64237
List the prime factors of 2960270305.
5, 127, 1091, 4273
What are the prime factors of 1078441031?
1078441031
What are the prime factors of 449761234?
2, 13, 17298509
List the prime factors of 27950032.
2, 11, 14437
What are the prime factors of 2104869940?
2, 5, 105243497
What are the prime factors of 590771522?
2, 11, 17, 19, 83137
List the prime factors of 542767031.
101, 5373931
List the prime factors of 65310238.
2, 7, 666431
List the prime factors of 59053838.
2, 619, 47701
List the prime factors of 17049017.
71, 109, 2203
What are the prime factors of 44083899?
3, 113, 14449
What are the prime factors of 451777467?
3, 103, 1462063
List the prime factors of 7006771621.
31, 1217, 185723
List the prime factors of 378399703.
11, 23, 37, 40423
What are the prime factors of 162027720?
2, 3, 5, 450077
What are the prime factors of 8055460?
2, 5, 7, 163, 353
What are the prime factors of 15494626?
2, 7, 557, 1987
What are the prime factors of 5219275764?
2, 3, 434939647
What are the prime factors of 37121883?
3, 1439, 8599
List the prime factors of 4682876919.
3, 7, 479, 465541
List the prime factors of 856352664.
2, 3, 11893787
List the prime factors of 57962782.
2, 137, 211543
What are the prime factors of 42137362?
2, 1571, 13411
List the prime factors of 279271575.
3, 5, 11, 53, 2129
List the prime factors of 195938572.
2, 48984643
List the prime factors of 4905301525.
5, 196212061
What are the prime factors of 1328119594?
2, 17, 151, 258691
What are the prime factors of 3503683946?
2, 7, 41, 43, 2897
What are the prime factors of 1573723109?
7, 37, 163, 37277
List the prime factors of 39032732.
2, 9758183
What are the prime factors of 385653233?
7, 73, 754703
List the prime factors of 607176928.
2, 677, 28027
List the prime factors of 2930707174.
2, 19, 37, 347, 6007
What are the prime factors of 1920541501?
29, 2549, 25981
List the prime factors of 1027546570.
2, 5, 102754657
List the prime factors of 175700753.
37, 251, 18919
List the prime factors of 915810682.
2, 71, 937, 6883
List the prime factors of 62853021.
3, 7, 11, 90697
List the prime factors of 43961338.
2, 197, 111577
List the prime factors of 13593766.
2, 6796883
What are the prime factors of 62515112?
2, 11, 710399
List the prime factors of 3051350017.
3051350017
What are the prime factors of 68413629?
3, 37, 73, 8443
What are the prime factors of 4941576724?
2, 7, 1117, 157999
List the prime factors of 1118599506.
2, 3, 43, 229, 6311
List the prime factors of 830606954.
2, 647, 641891
What are the prime factors of 36941331?
3, 7, 29, 60659
What are the prime factors of 675412421?
71, 9512851
List the prime factors of 4472164277.
7, 638880611
List the prime factors of 39271939.
7, 5610277
What are the prime factors of 10951455?
3, 5, 43, 16979
List the prime factors of 419895567.
3, 7, 13, 23, 22291
List the prime factors of 2478139.
281, 8819
List the prime factors of 6055408182.
2, 3, 1009234697
List the prime factors of 67398679.
4673, 14423
What are the prime factors of 82321112?
2, 41, 250979
List the prime factors of 58275456.
2, 3, 17, 79, 113
List the prime factors of 2171713868.
2, 389, 499, 2797
What are the prime factors of 2756910188?
2, 181, 947, 4021
What are the prime factors of 25194056?
2, 937, 3361
List the prime factors of 6030007.
883, 6829
What are the prime factors of 44869906?
2, 19, 53, 22279
List the prime factors of 5550766739.
7, 14717, 53881
What are the prime factors of 3598960943?
19, 107, 1770271
List the prime factors of 43254982.
2, 19, 31, 73, 503
List the prime factors of 133676892.
2, 3, 29, 41, 347
List the prime factors of 116302953.
3, 13, 439, 6793
What are the prime factors of 466169592?
2, 3, 7, 2774819
List the prime factors of 4756573152.
2, 3, 5505293
List the prime factors of 56644666.
2, 13, 2178641
List the prime factors of 2997677169.
3, 761, 437681
What are the prime factors of 2420645477?
2420645477
What are the prime factors of 430327104?
2, 3, 89, 25183
What are the prime factors of 1297871803?
79, 16428757
What are the prime factors of 2940908323?
607, 4844989
What are the prime factors of 5653885?
5, 1130777
List the prime factors